{"id":16,"date":"2018-04-23T20:07:50","date_gmt":"2018-04-23T20:07:50","guid":{"rendered":"http:\/\/cheval-shiatsu-merki.ch\/?page_id=16"},"modified":"2023-01-08T10:09:16","modified_gmt":"2023-01-08T10:09:16","slug":"qui-suis-je","status":"publish","type":"page","link":"https:\/\/cheval-shiatsu-merki.ch\/?page_id=16","title":{"rendered":"Qui suis-je?"},"content":{"rendered":"<p><img loading=\"lazy\" class=\"alignnone size-large wp-image-99\" src=\"http:\/\/cheval-shiatsu-merki.ch\/wp-content\/uploads\/2018\/04\/D.Roulet_shiatsu_-_28_petit-1024x681.jpg\" alt=\"\" width=\"525\" height=\"349\" srcset=\"https:\/\/cheval-shiatsu-merki.ch\/wp-content\/uploads\/2018\/04\/D.Roulet_shiatsu_-_28_petit-1024x681.jpg 1024w, https:\/\/cheval-shiatsu-merki.ch\/wp-content\/uploads\/2018\/04\/D.Roulet_shiatsu_-_28_petit-300x200.jpg 300w, https:\/\/cheval-shiatsu-merki.ch\/wp-content\/uploads\/2018\/04\/D.Roulet_shiatsu_-_28_petit-768x511.jpg 768w\" sizes=\"(max-width: 525px) 100vw, 525px\" \/><\/p>\n<p>Depuis plus de 30 ans, je suis cavali\u00e8re et passionn\u00e9e par les chevaux. Je suis propri\u00e9taire de 3 chevaux qui sont en stabulation libre dans ma ferme. Afin de pouvoir mieux en prendre soin, je me suis int\u00e9ress\u00e9e \u00e0 des m\u00e9decines douces. J&rsquo;ai ainsi accompli une formation en shiatsu \u00e9quin de 30 jours r\u00e9partis sur plus de 2 ans aupr\u00e8s de l&rsquo;\u00e9cole Ouma Te Ate de Marie Julliant.<\/p>\n","protected":false},"excerpt":{"rendered":"<p>Depuis plus de 30 ans, je suis cavali\u00e8re et passionn\u00e9e par les chevaux. Je suis propri\u00e9taire de 3 chevaux qui sont en stabulation libre dans ma ferme. Afin de pouvoir mieux en prendre soin, je me suis int\u00e9ress\u00e9e \u00e0 des m\u00e9decines douces. J&rsquo;ai ainsi accompli une formation en shiatsu \u00e9quin de 30 jours r\u00e9partis sur &hellip; <\/p>\n<p class=\"link-more\"><a href=\"https:\/\/cheval-shiatsu-merki.ch\/?page_id=16\" class=\"more-link\">Continuer la lecture<span class=\"screen-reader-text\"> de &laquo;&nbsp;Qui suis-je?&nbsp;&raquo;<\/span><\/a><\/p>\n","protected":false},"author":1,"featured_media":0,"parent":0,"menu_order":0,"comment_status":"closed","ping_status":"closed","template":"","meta":[],"_links":{"self":[{"href":"https:\/\/cheval-shiatsu-merki.ch\/index.php?rest_route=\/wp\/v2\/pages\/16"}],"collection":[{"href":"https:\/\/cheval-shiatsu-merki.ch\/index.php?rest_route=\/wp\/v2\/pages"}],"about":[{"href":"https:\/\/cheval-shiatsu-merki.ch\/index.php?rest_route=\/wp\/v2\/types\/page"}],"author":[{"embeddable":true,"href":"https:\/\/cheval-shiatsu-merki.ch\/index.php?rest_route=\/wp\/v2\/users\/1"}],"replies":[{"embeddable":true,"href":"https:\/\/cheval-shiatsu-merki.ch\/index.php?rest_route=%2Fwp%2Fv2%2Fcomments&post=16"}],"version-history":[{"count":10,"href":"https:\/\/cheval-shiatsu-merki.ch\/index.php?rest_route=\/wp\/v2\/pages\/16\/revisions"}],"predecessor-version":[{"id":203,"href":"https:\/\/cheval-shiatsu-merki.ch\/index.php?rest_route=\/wp\/v2\/pages\/16\/revisions\/203"}],"wp:attachment":[{"href":"https:\/\/cheval-shiatsu-merki.ch\/index.php?rest_route=%2Fwp%2Fv2%2Fmedia&parent=16"}],"curies":[{"name":"wp","href":"https:\/\/api.w.org\/{rel}","templated":true}]}}

<p><img loading="lazy" class="alignnone size-large wp-image-99" src="http://cheval-shiatsu-merki.ch/wp-content/uploads/2018/04/D.Roulet_shiatsu_-_28_petit-1024x681.jpg" alt="" width="525" height="349" srcset="https://cheval-shiatsu-merki.ch/wp-content/uploads/2018/04/D.Roulet_shiatsu_-_28_petit-1024x681.jpg 1024w, https://cheval-shiatsu-merki.ch/wp-content/uploads/2018/04/D.Roulet_shiatsu_-_28_petit-300x200.jpg 300w, https://cheval-shiatsu-merki.ch/wp-content/uploads/2018/04/D.Roulet_shiatsu_-_28_petit-768x511.jpg 768w" sizes="(max-width: 525px) 100vw, 525px" /></p>
<p>Depuis plus de 30 ans, je suis cavalière et passionnée par les chevaux. Je suis propriétaire de 3 chevaux qui sont en stabulation libre dans ma ferme. Afin de pouvoir mieux en prendre soin, je me suis intéressée à des médecines douces. J&rsquo;ai ainsi accompli une formation en shiatsu équin de 30 jours répartis sur plus de 2 ans auprès de l&rsquo;école Ouma Te Ate de Marie Julliant.</p>

<p>Depuis plus de 30 ans, je suis cavalière et passionnée par les chevaux. Je suis propriétaire de 3 chevaux qui sont en stabulation libre dans ma ferme. Afin de pouvoir mieux en prendre soin, je me suis intéressée à des médecines douces. J&rsquo;ai ainsi accompli une formation en shiatsu équin de 30 jours répartis sur &hellip; </p>
<p class="link-more"><a href="https://cheval-shiatsu-merki.ch/?page_id=16" class="more-link">Continuer la lecture<span class="screen-reader-text"> de &laquo;&nbsp;Qui suis-je?&nbsp;&raquo;</span></a></p>
